43792542?
False
Is 3645 a factor of 1444479080?
False
Is 12961434 a multiple of 417?
False
Is 116 a factor of 3777966?
False
Is 632 a factor of 3238123782?
False
Is 22 a factor of 85644416?
True
Does 442 divide 7659976?
False
Is 12 a factor of 108183108?
True
Is 176317380 a multiple of 602?
False
Does 100 divide 40083783?
False
Does 132 divide 195086887?
False
Does 475 divide 239192425?
True
Is 4020088384 a multiple of 13?
True
Is 36 a factor of 435157433?
False
Is 6152760 a multiple of 30?
True
Does 599 divide 302258994?
True
Is 64314718 a multiple of 26?
True
Does 1509 divide 17479110?
False
Does 331 divide 170902475?
False
Does 8 divide 100932750?
False
Is 67061491 a multiple of 9780?
False
Does 4190 divide 1700172797?
False
Does 19 divide 386931325?
False
Does 575 divide 205747650?
True
Is 40 a factor of 440738209?
False
Is 3800792 a multiple of 19?
False
Is 106 a factor of 264548016?
True
Is 6977 a factor of 22334912?
False
Is 11 a factor of 957635800?
True
Is 67 a factor of 2023284940?
False
Is 2518 a factor of 1457884277?
False
Does 324 divide 108123660?
True
Is 1780223475 a multiple of 535?
False
Is 127345894 a multiple of 46?
True
Is 777 a factor of 179775600?
False
Is 17 a factor of 3996567188?
False
Is 38 a factor of 26548261?
False
Is 129 a factor of 20045493?
False
Is 59562142 a multiple of 62?
False
Is 48768188 a multiple of 287?
True
Does 206 divide 18278998?
True
Is 292776391 a multiple of 8481?
False
Is 65240805 a multiple of 1813?
True
Is 52 a factor of 13674180?
True
Does 7 divide 48305860?
False
Is 27 a factor of 35268504?
False
Does 79 divide 30560669?
False
Is 1680 a factor of 76773687?
False
Is 478 a factor of 89299960?
True
Is 207 a factor of 94871412?
True
Is 1863615 a multiple of 503?
True
Does 218 divide 75502556?
True
Is 75 a factor of 394434513?
False
Does 24 divide 16405440?
True
Does 60 divide 247509096?
False
Is 32 a factor of 11331424?
True
Is 2558 a factor of 224180562?
True
Does 393 divide 11228579?
False
Is 224343763 a multiple of 504?
False
Is 4671 a factor of 3770022647?
False
Is 27 a factor of 143515616?
False
Does 1795 divide 410561375?
True
Is 1566 a factor of 172587784?
False
Does 66 divide 36047220?
True
Is 29803800 a multiple of 16?
False
Is 5 a factor of 1956777?
False
Does 38 divide 5097485?
False
Is 6 a factor of 1973722153?
False
Is 4397080 a multiple of 2971?
True
Is 92 a factor of 17516740?
False
Does 540 divide 1146539017?
False
Does 573 divide 796379521?
False
Does 89 divide 88872772?
False
Does 79 divide 1000136480?
False
Does 260 divide 659450697?
False
Does 50 divide 35755470?
False
Is 2947 a factor of 292665479?
False
Is 2 a factor of 21780690?
True
Is 1557880 a multiple of 34?
True
Is 9628302 a multiple of 18?
False
Does 897 divide 224842020?
True
Does 3469 divide 1099450984?
True
Is 1501313688 a multiple of 2505?
False
Does 9 divide 1547668095?
False
Is 12828728 a multiple of 44?
True
Is 28936706 a multiple of 55?
False
Does 5706 divide 297836082?
True
Is 14 a factor of 306297122?
False
Is 1508425440 a multiple of 20?
True
Is 1176441462 a multiple of 14?
True
Is 15980543 a multiple of 4?
False
Does 16 divide 26998336?
True
Is 48837409 a multiple of 45?
False
Is 1111686436 a multiple of 7?
True
Is 1467373280 a multiple of 688?
True
Is 133574122 a multiple of 21?
False
Is 23 a factor of 26988019?
False
Does 7 divide 46407746?
True
Does 5359 divide 4363078081?
True
Is 466255730 a multiple of 6693?
False
Is 3461 a factor of 170529050?
False
Is 166 a factor of 85184018?
False
Is 1500072583 a multiple of 2910?
False
Does 30 divide 37376070?
True
Is 6128430 a multiple of 154?
True
Does 5 divide 1282837?
False
Is 112 a factor of 13515264?
True
Is 38698089 a multiple of 591?
True
Does 18 divide 54486018?
True
Does 6 divide 60346363?
False
Is 56887920 a multiple of 324?
True
Does 13 divide 246974?
True
Does 47 divide 101213122?
False
Does 2693 divide 762119?
True
Is 1609628920 a multiple of 505?
True
Is 1156755509 a multiple of 16?
False
Is 534460206 a multiple of 639?
False
Is 739 a factor of 209106498?
False
Is 845025 a multiple of 5?
True
Does 173 divide 366394451?
True
Is 171835879 a multiple of 20?
False
Does 132 divide 205504003?
False
Is 17 a factor of 101203227?
True
Is 29 a factor of 405395827?
False
Is 2 a factor of 36169640?
True
Is 7252016 a multiple of 36?
False
Does 7 divide 48695456?
False
Does 1595 divide 1976228925?
True
Does 2826 divide 278561647?
False
Does 181 divide 101183208?
False
Is 121110216 a multiple of 18?
False
Is 37174646 a multiple of 1607?
False
Does 17 divide 3594253?
False
Is 505 a factor of 10786800?
True
Is 1681285 even?
False
Does 1870 divide 85723574?
False
Is 386552960 a multiple of 80?
True
Is 197750318 a multiple of 9?
False
Is 7 a factor of 518285097?
False
Is 9234976 a multiple of 262?
True
Does 506 divide 58741190?
False
Is 136 a factor of 1038547408?
True
Is 669 a factor of 104468550?
False
Is 1221569790 a multiple of 9?
False
Does 13 divide 3213769?
True
Is 28645525 a multiple of 8?
False
Is 2595 a factor of 214108260?
True
Is 34221300 a multiple of 150?
True
Is 1127256015 a multiple of 1291?
True
Is 777 a factor of 98919870?
True
Is 9045 a factor of 1944684045?
True
Is 9522824 a multiple of 41?
True
Is 62 a factor of 2440397?
False
Is 1133174440 a multiple of 13022?
True
Is 61763811 a multiple of 90?
False
Is 38513828 a multiple of 5?
False
Is 194 a factor of 361518363?
False
Is 69083813 a multiple of 840?
False
Is 1725549192 a multiple of 4003?
True
Is 11397523 a multiple of 207?
False
Does 601 divide 57235516?
False
Does 71 divide 19649976?
False
Is 80 a factor of 1575680?
True
Is 11 a factor of 300220703?
False
Does 19 divide 96091797?
True
Is 122 a factor of 1048218056?
False
Does 4567 divide 673938349?
False
Does 176 divide 320998128?
True
Is 14 a factor of 66480703?
False
Does 3739 divide 109913833?
False
Is 5423669544 a multiple of 24?
True
Is 342388673 a multiple of 977?
True
Is 9309 a factor of 1204621836?
True
Is 893 a factor of 48929256?
True
Does 11177 divide 269969258?
True
Is 2102152064 a multiple of 2768?
True
Does 13 divide 43258046?
True
Does 1425 divide 105568275?
True
Is 4229675 a multiple of 367?
True
Is 486966473 a multiple of 3757?
False
Does 68 divide 13705884?
False
Is 35 a factor of 638011223?
False
Is 6 a factor of 913978896?
True
Is 23 a factor of 38351648?
False
Is 130533300 a multiple of 900?
True
Is 1999374243 a multiple of 9?
False
Is 52970385 a multiple of 6409?
True
Is 132 a factor of 55138207?
False
Is 8 a factor of 81382986?
False
Does 12 divide 264670728?
True
Is 32 a factor of 2384347456?
True
Is 48 a factor of 16470864?
True
Is 300 a factor of 92935443?
False
Is 8385804 a multiple of 137?
False
Does 14 divide 57428098?
True
Is 31 a factor of 499765762?
False
Is 241 a factor of 907734905?
False
Does 5 divide 42851508?
False
Is 621 a factor of 10090008?
True
Does 58 divide 18060330?
True
Is 10 a factor of 328523790?
True
Is 75972426 even?
True
Is 126 a factor of 11674026?
True
Is 289803596 a multiple of 3?
False
Is 3649659663 a multiple of 2773?
False
Is 38393279 a multiple of 32?
False
Does 17 divide 318389317?
False
Is 52578903 a multiple of 39?
True
Is 13 a factor of 600072330?
True
Is 186946237 a multiple of 2131?
True
Is 74 a factor of 105916718?
True
Is 40698388 a multiple of 4?
True
Is 192 a factor of 4877760?
True
Is 238 a factor of 176356096?
True
Is 14671526 a multiple of 12?
False
Is 13 a factor of 673351572?
False
Does 9 divide 25604518?
False
Is 4318271 a multiple of 1062?
False
Does 15 divide 470315?
False
Is 26 a factor of 2878702758?
False
Is 229896600 a multiple of 3714?
True
Is 442 a factor of 5343815567?
False
Is 370871926 a multiple of 2393?
True
Does 33 divide 72425133?
True
Is 3053611400 a multiple of 2099?
False
Is 2007 a factor of 1267201838?
False
Does 78 divide 418227654?
True
Does 283 divide 272610959?
False
Does 248 divide 25390086?
False
Does 620 divide 516279580?
True
Is 11841778 a multiple of 86?
False
Does 3974 divide 2291913098?
True
Does 539 divide 26904724?
True
Is 320677069 a multiple of 6506?
False
Is 34 a factor of 698663263?
False
Is 8031388 a multiple of 445?
False
Is 1263113950 a multiple of 5?
True
Does 78 divide 9581442?
True
Does 607 divide 220884265?
True
Is 720 a f